{"id":128,"date":"2024-02-22T18:04:56","date_gmt":"2024-02-22T18:04:56","guid":{"rendered":"http:\/\/193.194.89.193\/wp_lge\/?page_id=128"},"modified":"2024-02-22T18:23:16","modified_gmt":"2024-02-22T18:23:16","slug":"communications-2011","status":"publish","type":"page","link":"https:\/\/lge.usthb.dz\/index.php\/communications-2011\/","title":{"rendered":"Communications 2011"},"content":{"rendered":"\n<ul class=\"wp-block-list\">\n<li>ATROUNE F., 2011. R\u00e9partition des m\u00e9taux lourds charri\u00e9s par l\u2019Oued El Harrach en baie d\u2019Alger. 5\u00e8me Colloque Maghr\u00e9bin de G\u00e9ophysique Appliqu\u00e9e, Alger, 12-14 avril 2011.<\/li>\n<\/ul>\n","protected":false},"excerpt":{"rendered":"","protected":false},"author":1,"featured_media":0,"parent":0,"menu_order":0,"comment_status":"closed","ping_status":"closed","template":"","meta":{"footnotes":""},"class_list":["post-128","page","type-page","status-publish","hentry"],"_links":{"self":[{"href":"https:\/\/lge.usthb.dz\/index.php\/wp-json\/wp\/v2\/pages\/128","targetHints":{"allow":["GET"]}}],"collection":[{"href":"https:\/\/lge.usthb.dz\/index.php\/wp-json\/wp\/v2\/pages"}],"about":[{"href":"https:\/\/lge.usthb.dz\/index.php\/wp-json\/wp\/v2\/types\/page"}],"author":[{"embeddable":true,"href":"https:\/\/lge.usthb.dz\/index.php\/wp-json\/wp\/v2\/users\/1"}],"replies":[{"embeddable":true,"href":"https:\/\/lge.usthb.dz\/index.php\/wp-json\/wp\/v2\/comments?post=128"}],"version-history":[{"count":2,"href":"https:\/\/lge.usthb.dz\/index.php\/wp-json\/wp\/v2\/pages\/128\/revisions"}],"predecessor-version":[{"id":147,"href":"https:\/\/lge.usthb.dz\/index.php\/wp-json\/wp\/v2\/pages\/128\/revisions\/147"}],"wp:attachment":[{"href":"https:\/\/lge.usthb.dz\/index.php\/wp-json\/wp\/v2\/media?parent=128"}],"curies":[{"name":"wp","href":"https:\/\/api.w.org\/{rel}","templated":true}]}}