{"id":29,"date":"2024-02-22T14:26:55","date_gmt":"2024-02-22T14:26:55","guid":{"rendered":"http:\/\/193.194.89.193\/wp_lge\/?page_id=29"},"modified":"2024-05-29T10:00:38","modified_gmt":"2024-05-29T10:00:38","slug":"equipe-3","status":"publish","type":"page","link":"https:\/\/lge.usthb.dz\/index.php\/equipe-3\/","title":{"rendered":"\u00c9quipe 3"},"content":{"rendered":"\n<h3 class=\"wp-block-heading\">Ressources g\u00e9othermiques<\/h3>\n\n\n\n<h4 class=\"wp-block-heading\">MEMBRES<\/h4>\n\n\n\n<p><strong>Chef d\u2019\u00e9quipe&nbsp;:<\/strong>&nbsp;<\/p>\n\n\n\n<figure class=\"wp-block-table has-small-font-size\"><table><thead><tr><th><strong>Nom<\/strong><\/th><th><strong>Pr\u00e9nom<\/strong><\/th><th><strong>Dipl\u00f4me<\/strong><\/th><th><strong>Grade<\/strong><\/th><th><strong>Sp\u00e9cialit\u00e9<\/strong><\/th><\/tr><\/thead><tbody><tr><td>BOUCHAREB-HAOUCHINE<\/td><td>Fatima Zohra<\/td><td>Doc. d&#8217;Etat<\/td><td>Pr.<\/td><td><\/td><\/tr><tr><td>METOUCHI<\/td><td>Abdenaceur<\/td><td>Doc. d&#8217;Etat<\/td><td>Pr.<\/td><td><\/td><\/tr><tr><td>BELAROUI<\/td><td>Abdelhakim<\/td><td>Doctorat<\/td><td>MCA<\/td><td><\/td><\/tr><tr><td>BOUMAZA<\/td><td>Nadia<\/td><td>Magister<\/td><td>MAA<\/td><td><\/td><\/tr><\/tbody><\/table><\/figure>\n","protected":false},"excerpt":{"rendered":"<p>Ressources g\u00e9othermiques MEMBRES Chef d\u2019\u00e9quipe&nbsp;:&nbsp; Nom Pr\u00e9nom Dipl\u00f4me Grade Sp\u00e9cialit\u00e9 BOUCHAREB-HAOUCHINE Fatima Zohra Doc. d&#8217;Etat Pr. METOUCHI Abdenaceur Doc. d&#8217;Etat Pr. BELAROUI Abdelhakim Doctorat MCA BOUMAZA Nadia Magister MAA<\/p>\n","protected":false},"author":1,"featured_media":0,"parent":0,"menu_order":0,"comment_status":"closed","ping_status":"closed","template":"","meta":{"footnotes":""},"class_list":["post-29","page","type-page","status-publish","hentry"],"_links":{"self":[{"href":"https:\/\/lge.usthb.dz\/index.php\/wp-json\/wp\/v2\/pages\/29","targetHints":{"allow":["GET"]}}],"collection":[{"href":"https:\/\/lge.usthb.dz\/index.php\/wp-json\/wp\/v2\/pages"}],"about":[{"href":"https:\/\/lge.usthb.dz\/index.php\/wp-json\/wp\/v2\/types\/page"}],"author":[{"embeddable":true,"href":"https:\/\/lge.usthb.dz\/index.php\/wp-json\/wp\/v2\/users\/1"}],"replies":[{"embeddable":true,"href":"https:\/\/lge.usthb.dz\/index.php\/wp-json\/wp\/v2\/comments?post=29"}],"version-history":[{"count":13,"href":"https:\/\/lge.usthb.dz\/index.php\/wp-json\/wp\/v2\/pages\/29\/revisions"}],"predecessor-version":[{"id":431,"href":"https:\/\/lge.usthb.dz\/index.php\/wp-json\/wp\/v2\/pages\/29\/revisions\/431"}],"wp:attachment":[{"href":"https:\/\/lge.usthb.dz\/index.php\/wp-json\/wp\/v2\/media?parent=29"}],"curies":[{"name":"wp","href":"https:\/\/api.w.org\/{rel}","templated":true}]}}